{"id":517,"date":"2009-09-21T16:09:11","date_gmt":"2009-09-21T13:09:11","guid":{"rendered":"http:\/\/daimon.me\/blog\/?page_id=517"},"modified":"2018-12-26T00:28:06","modified_gmt":"2018-12-25T22:28:06","slug":"contact","status":"publish","type":"page","link":"http:\/\/daimon.me\/blog\/contact\/","title":{"rendered":"Despre mine. Contact."},"content":{"rendered":"<div class=\"entry\">\n<p style=\"text-align: justify;\">M\u0103 numesc Alexandru Chiril\u0103. Traiectoria educa\u0163ional\u0103 \u015fi profesional\u0103 sunt disponibile pe scurt pe <a href=\"https:\/\/www.linkedin.com\/in\/alexandru-chirila-b2745b10a\">profilul de LinkedIN<\/a>.<\/p>\n<p style=\"text-align: justify;\">Altminteri, nu sunt multe de spus. Sunt n\u0103scut \u00een Timi\u015foara \u00een 1988, \u015fi am locuit toat\u0103 via\u0163a \u00een\u00a0Timi\u015foara. Pe internet &#8220;locuiesc&#8221; de la 14 ani. Restul detaliilor, gen hobbyuri sau alte lucruri personale &#8211; fie se deduc din subiectele abordate pe blog, fie se descoper\u0103 personal.<\/p>\n<p style=\"text-align: center;\">~*~<\/p>\n<p style=\"text-align: justify;\">Pot fi contactat fie prin LinkedIN, fie prin e-mail la adresa din imaginea dinjos:<\/p>\n<p align=\"center\"><a href=\"https:\/\/daimon.me\/blog\/wp-content\/uploads\/2012\/06\/e-mail-gmail.jpg\"><img loading=\"lazy\" decoding=\"async\" width=\"595\" height=\"50\" class=\"size-full wp-image-2815\" title=\"e-mail contact\" src=\"https:\/\/daimon.me\/blog\/wp-content\/uploads\/2012\/06\/e-mail-gmail.jpg\" alt=\"Adresa de email\" srcset=\"http:\/\/daimon.me\/blog\/wp-content\/uploads\/2012\/06\/e-mail-gmail.jpg 595w, http:\/\/daimon.me\/blog\/wp-content\/uploads\/2012\/06\/e-mail-gmail-500x42.jpg 500w\" sizes=\"auto, (max-width: 595px) 100vw, 595px\" \/><\/a><\/p>\n<p style=\"text-align: justify;\">E-mailul este deschis oric\u0103ror comunic\u0103ri at\u00e2ta timp c\u00e2t ele sunt emise de un om, \u015fi respect\u0103 limitele umane.\u00a0Spamul, chiar \u015fi manifestat prin monomania pe o anumit\u0103 tem\u0103, este nedorit.<\/p>\n<p style=\"text-align: justify;\">S\u0103 ne citim cu bine, zic.<\/p>\n<p style=\"text-align: right;\"><span style=\"color: #800000;\"><em>(editare, 5 Ian 2017:)<\/em><\/span><br \/>\n<span style=\"color: #800000;\"><em>Am ad\u0103ugat c\u00e2teva cuvinte pe l\u00e2ng\u0103 adresa de e-mail.<\/em><\/span><br \/>\n<span style=\"color: #800000;\"><em>Am \u015fters spamul, care nu-i util nicicui anume.<\/em><\/span><\/p>\n<p style=\"text-align: right;\"><em><span style=\"color: #800000;\">(editare, 12\/26\/2018:)<\/span><\/em><br \/>\n<em><span style=\"color: #800000;\">Am \u00eenchis \u0219i-aici comentariile, care r\u0103m\u0103seser\u0103 deschise din ceva motiv.<\/span><\/em><br \/>\n<em><span style=\"color: #800000;\">Datele de contact sunt disponibile, aici am str\u00eens doar spam \u00een ultimele luni.<\/span><\/em><\/p>\n<\/div>\n","protected":false},"excerpt":{"rendered":"<p>M\u0103 numesc Alexandru Chiril\u0103. Traiectoria educa\u0163ional\u0103 \u015fi profesional\u0103 sunt disponibile pe scurt pe profilul de LinkedIN. Altminteri, nu sunt multe de spus. Sunt n\u0103scut \u00een Timi\u015foara \u00een 1988, \u015fi am locuit toat\u0103 via\u0163a \u00een\u00a0Timi\u015foara. Pe internet &#8220;locuiesc&#8221; de la 14 ani. Restul detaliilor, gen hobbyuri sau alte lucruri personale &#8211; fie se deduc din subiectele &#8230;<\/p>\n","protected":false},"author":4,"featured_media":0,"parent":0,"menu_order":0,"comment_status":"closed","ping_status":"closed","template":"","meta":{"footnotes":""},"class_list":["post-517","page","type-page","status-publish"],"_links":{"self":[{"href":"http:\/\/daimon.me\/blog\/wp-json\/wp\/v2\/pages\/517","targetHints":{"allow":["GET"]}}],"collection":[{"href":"http:\/\/daimon.me\/blog\/wp-json\/wp\/v2\/pages"}],"about":[{"href":"http:\/\/daimon.me\/blog\/wp-json\/wp\/v2\/types\/page"}],"author":[{"embeddable":true,"href":"http:\/\/daimon.me\/blog\/wp-json\/wp\/v2\/users\/4"}],"replies":[{"embeddable":true,"href":"http:\/\/daimon.me\/blog\/wp-json\/wp\/v2\/comments?post=517"}],"version-history":[{"count":4,"href":"http:\/\/daimon.me\/blog\/wp-json\/wp\/v2\/pages\/517\/revisions"}],"predecessor-version":[{"id":4982,"href":"http:\/\/daimon.me\/blog\/wp-json\/wp\/v2\/pages\/517\/revisions\/4982"}],"wp:attachment":[{"href":"http:\/\/daimon.me\/blog\/wp-json\/wp\/v2\/media?parent=517"}],"curies":[{"name":"wp","href":"https:\/\/api.w.org\/{rel}","templated":true}]}}