{"id":496,"date":"2018-12-18T07:46:18","date_gmt":"2018-12-18T05:46:18","guid":{"rendered":"http:\/\/daimon.me\/aleph\/?page_id=496"},"modified":"2020-04-25T04:23:01","modified_gmt":"2020-04-25T01:23:01","slug":"despre-%c9%a8","status":"publish","type":"page","link":"https:\/\/daimon.me\/aleph\/despre-%c9%a8\/","title":{"rendered":"Despre \/\u0268\/"},"content":{"rendered":"<p><del datetime=\"2018-12-18T05:31:18+00:00\">Sunt<\/del> S\u00eent unul dintre aceia care prefer\u0103 s\u0103 sfideze Academia, scriind \u201e\u00ce\u201d peste tot. De ce? Aici ave\u021bi r\u0103spunsul, sau mai bine spus r\u0103spunsurile.<\/p>\n<p>Nu m\u0103 cred mai de\u0219tept nici dec\u00eet Fr\u00eencu, nici dec\u00eet Pruteanu, nici dec\u00eet Popescu; g\u0103sesc argumentele ca fiind solide \u0219i chibzuite, prin urmare le preiau pur \u0219i simplu. Prin referin\u021b\u0103.<\/p>\n<p><a href=\"https:\/\/catalin.francu.com\/blog\/2018\/07\/anger-vent-adunc-fontana\/\">https:\/\/catalin.francu.com\/blog\/2018\/07\/anger-vent-adunc-fontana\/<\/a><\/p>\n<p><a href=\"http:\/\/trilema.com\/2010\/dileme-morale\/\">http:\/\/trilema.com\/2010\/dileme-morale\/<\/a><\/p>\n<p><a href=\"http:\/\/georgepruteanu.ro\/103deceidini.htm\">http:\/\/georgepruteanu.ro\/103deceidini.htm<\/a><\/p>\n<p>Cam asta.<\/p>\n","protected":false},"excerpt":{"rendered":"<p>Sunt S\u00eent unul dintre aceia care prefer\u0103 s\u0103 sfideze Academia, scriind \u201e\u00ce\u201d peste tot. De ce? Aici ave\u021bi r\u0103spunsul, sau mai bine spus r\u0103spunsurile. Nu m\u0103 cred mai de\u0219tept nici dec\u00eet Fr\u00eencu, nici dec\u00eet Pruteanu, <a class=\"more-link\" href=\"https:\/\/daimon.me\/aleph\/despre-%c9%a8\/\">&#8230; > > > > ><\/a><\/p>\n","protected":false},"author":2,"featured_media":0,"parent":0,"menu_order":0,"comment_status":"open","ping_status":"open","template":"","meta":{"footnotes":""},"class_list":["post-496","page","type-page","status-publish","hentry"],"_links":{"self":[{"href":"https:\/\/daimon.me\/aleph\/wp-json\/wp\/v2\/pages\/496","targetHints":{"allow":["GET"]}}],"collection":[{"href":"https:\/\/daimon.me\/aleph\/wp-json\/wp\/v2\/pages"}],"about":[{"href":"https:\/\/daimon.me\/aleph\/wp-json\/wp\/v2\/types\/page"}],"author":[{"embeddable":true,"href":"https:\/\/daimon.me\/aleph\/wp-json\/wp\/v2\/users\/2"}],"replies":[{"embeddable":true,"href":"https:\/\/daimon.me\/aleph\/wp-json\/wp\/v2\/comments?post=496"}],"version-history":[{"count":6,"href":"https:\/\/daimon.me\/aleph\/wp-json\/wp\/v2\/pages\/496\/revisions"}],"predecessor-version":[{"id":694,"href":"https:\/\/daimon.me\/aleph\/wp-json\/wp\/v2\/pages\/496\/revisions\/694"}],"wp:attachment":[{"href":"https:\/\/daimon.me\/aleph\/wp-json\/wp\/v2\/media?parent=496"}],"curies":[{"name":"wp","href":"https:\/\/api.w.org\/{rel}","templated":true}]}}